{"id":20,"date":"2026-04-30T18:09:07","date_gmt":"2026-04-30T18:09:07","guid":{"rendered":"https:\/\/www.amalyon.eu\/?product=epson-ruban-dimpression-1-x-noir-2-millions-de-caracteres"},"modified":"2026-04-30T18:09:07","modified_gmt":"2026-04-30T18:09:07","slug":"epson-ruban-dimpression-1-x-noir-2-millions-de-caracteres","status":"publish","type":"product","link":"https:\/\/www.amalyon.eu\/?product=epson-ruban-dimpression-1-x-noir-2-millions-de-caracteres","title":{"rendered":"Epson &#8211; ruban d`impression &#8211; 1 x noir &#8211; 2 millions de caracteres"},"content":{"rendered":"<p>D\u00e9couvrez le produit Epson &#8211; ruban d`impression &#8211; 1 x noir &#8211; 2 millions de caracteres de la marque EPSON.<\/p>\n<p>Id\u00e9al pour les professionnels exigeants, ce mat\u00e9riel est con\u00e7u pour offrir fiabilit\u00e9 et performance au quotidien.<\/p>\n<p>R\u00e9f\u00e9rence constructeur (MPN) : EPSON_C13S015307<br \/>\nCode EAN : 10343602984<\/p>\n","protected":false},"excerpt":{"rendered":"<p>D\u00e9couvrez le produit Epson &#8211; ruban d`impression &#8211; 1 x noir &#8211; 2 millions de caracteres de la marque EPSON. Id\u00e9al pour les professionnels exigeants, ce mat\u00e9riel est con\u00e7u pour offrir fiabilit\u00e9 et performance au quotidien. R\u00e9f\u00e9rence constructeur (MPN) : EPSON_C13S015307 Code EAN : 10343602984<\/p>\n","protected":false},"featured_media":0,"comment_status":"open","ping_status":"closed","template":"","meta":[],"product_brand":[19],"product_cat":[18,15],"product_tag":[],"class_list":{"0":"post-20","1":"product","2":"type-product","3":"status-publish","5":"product_brand-epson","6":"product_cat-imprimantes-et-scanners","7":"product_cat-non-classe","9":"first","10":"instock","11":"taxable","12":"shipping-taxable","13":"purchasable","14":"product-type-simple"},"_links":{"self":[{"href":"https:\/\/www.amalyon.eu\/index.php?rest_route=\/wp\/v2\/product\/20","targetHints":{"allow":["GET"]}}],"collection":[{"href":"https:\/\/www.amalyon.eu\/index.php?rest_route=\/wp\/v2\/product"}],"about":[{"href":"https:\/\/www.amalyon.eu\/index.php?rest_route=\/wp\/v2\/types\/product"}],"replies":[{"embeddable":true,"href":"https:\/\/www.amalyon.eu\/index.php?rest_route=%2Fwp%2Fv2%2Fcomments&post=20"}],"wp:attachment":[{"href":"https:\/\/www.amalyon.eu\/index.php?rest_route=%2Fwp%2Fv2%2Fmedia&parent=20"}],"wp:term":[{"taxonomy":"product_brand","embeddable":true,"href":"https:\/\/www.amalyon.eu\/index.php?rest_route=%2Fwp%2Fv2%2Fproduct_brand&post=20"},{"taxonomy":"product_cat","embeddable":true,"href":"https:\/\/www.amalyon.eu\/index.php?rest_route=%2Fwp%2Fv2%2Fproduct_cat&post=20"},{"taxonomy":"product_tag","embeddable":true,"href":"https:\/\/www.amalyon.eu\/index.php?rest_route=%2Fwp%2Fv2%2Fproduct_tag&post=20"}],"curies":[{"name":"wp","href":"https:\/\/api.w.org\/{rel}","templated":true}]}}