{"id":233,"date":"2026-04-30T18:09:21","date_gmt":"2026-04-30T18:09:21","guid":{"rendered":"https:\/\/www.amalyon.eu\/?product=1-m-cable-cat6-rj45-m-a-rj45-m"},"modified":"2026-04-30T18:09:24","modified_gmt":"2026-04-30T18:09:24","slug":"1-m-cable-cat6-rj45-m-a-rj45-m","status":"publish","type":"product","link":"https:\/\/www.amalyon.eu\/?product=1-m-cable-cat6-rj45-m-a-rj45-m","title":{"rendered":"1 m c\u00e2ble CAT6 &#8211; RJ45 (m) \u00e0 RJ45 (m)"},"content":{"rendered":"<p>D\u00e9couvrez le produit 1 m c\u00e2ble CAT6 &#8211; RJ45 (m) \u00e0 RJ45 (m) de la marque VISION.<\/p>\n<p>Id\u00e9al pour les professionnels exigeants, ce mat\u00e9riel est con\u00e7u pour offrir fiabilit\u00e9 et performance au quotidien.<\/p>\n<p>R\u00e9f\u00e9rence constructeur (MPN) : VISION_TC_1MCAT6A<br \/>\nCode EAN : 1043055600008<\/p>\n","protected":false},"excerpt":{"rendered":"<p>D\u00e9couvrez le produit 1 m c\u00e2ble CAT6 &#8211; RJ45 (m) \u00e0 RJ45 (m) de la marque VISION. Id\u00e9al pour les professionnels exigeants, ce mat\u00e9riel est con\u00e7u pour offrir fiabilit\u00e9 et performance au quotidien. R\u00e9f\u00e9rence constructeur (MPN) : VISION_TC_1MCAT6A Code EAN : 1043055600008<\/p>\n","protected":false},"featured_media":0,"comment_status":"open","ping_status":"closed","template":"","meta":[],"product_brand":[21],"product_cat":[23,15],"product_tag":[],"class_list":{"0":"post-233","1":"product","2":"type-product","3":"status-publish","5":"product_brand-vision","6":"product_cat-accessoires","7":"product_cat-non-classe","9":"first","10":"instock","11":"taxable","12":"shipping-taxable","13":"purchasable","14":"product-type-simple"},"_links":{"self":[{"href":"https:\/\/www.amalyon.eu\/index.php?rest_route=\/wp\/v2\/product\/233","targetHints":{"allow":["GET"]}}],"collection":[{"href":"https:\/\/www.amalyon.eu\/index.php?rest_route=\/wp\/v2\/product"}],"about":[{"href":"https:\/\/www.amalyon.eu\/index.php?rest_route=\/wp\/v2\/types\/product"}],"replies":[{"embeddable":true,"href":"https:\/\/www.amalyon.eu\/index.php?rest_route=%2Fwp%2Fv2%2Fcomments&post=233"}],"wp:attachment":[{"href":"https:\/\/www.amalyon.eu\/index.php?rest_route=%2Fwp%2Fv2%2Fmedia&parent=233"}],"wp:term":[{"taxonomy":"product_brand","embeddable":true,"href":"https:\/\/www.amalyon.eu\/index.php?rest_route=%2Fwp%2Fv2%2Fproduct_brand&post=233"},{"taxonomy":"product_cat","embeddable":true,"href":"https:\/\/www.amalyon.eu\/index.php?rest_route=%2Fwp%2Fv2%2Fproduct_cat&post=233"},{"taxonomy":"product_tag","embeddable":true,"href":"https:\/\/www.amalyon.eu\/index.php?rest_route=%2Fwp%2Fv2%2Fproduct_tag&post=233"}],"curies":[{"name":"wp","href":"https:\/\/api.w.org\/{rel}","templated":true}]}}